it of 115624047?
6
What is the thousands digit of 97907229?
7
What is the tens digit of 4835645186?
8
What is the hundred millions digit of 1067209723?
0
What is the hundreds digit of 69040147?
1
What is the hundred thousands digit of 35856716?
8
What is the units digit of 2776400424?
4
What is the millions digit of 147629410?
7
What is the hundred thousands digit of 415880775?
8
What is the tens digit of 70695292?
9
What is the thousands digit of 120803070?
3
What is the ten thousands digit of 395776903?
7
What is the ten millions digit of 1639207192?
3
What is the hundred thousands digit of 166023498?
0
What is the units digit of 571455983?
3
What is the thousands digit of 63618289?
8
What is the hundreds digit of 41732137?
1
What is the millions digit of 234816146?
4
What is the ten thousands digit of 4476538869?
3
What is the tens digit of 151283490?
9
What is the tens digit of 32840679?
7
What is the millions digit of 306872779?
6
What is the units digit of 414661808?
8
What is the units digit of 4030306230?
0
What is the hundred millions digit of 741645050?
7
What is the tens digit of 42477282?
8
What is the tens digit of 43020047?
4
What is the tens digit of 1430094727?
2
What is the units digit of 189841943?
3
What is the tens digit of 4023340523?
2
What is the hundred thousands digit of 1527779288?
7
What is the tens digit of 464109862?
6
What is the hundred thousands digit of 8550970017?
9
What is the hundred thousands digit of 2437155543?
1
What is the units digit of 3593333482?
2
What is the hundred thousands digit of 674776600?
7
What is the tens digit of 74494281?
8
What is the ten millions digit of 16373775?
1
What is the ten millions digit of 1152566355?
5
What is the thousands digit of 360064175?
4
What is the units digit of 3715079179?
9
What is the ten thousands digit of 2958644199?
4
What is the hundreds digit of 2656929419?
4
What is the millions digit of 1395640912?
5
What is the hundreds digit of 37269938?
9
What is the thousands digit of 122087693?
7
What is the ten thousands digit of 7572057?
7
What is the tens digit of 3479438274?
7
What is the units digit of 77042457?
7
What is the ten thousands digit of 2513711519?
1
What is the hundred millions digit of 359717679?
3
What is the millions digit of 1641377586?
1
What is the hundred thousands digit of 89137566?
1
What is the hundreds digit of 124186126?
1
What is the ten thousands digit of 144417884?
1
What is the millions digit of 91007768?
1
What is the hundred thousands digit of 6169007?
1
What is the hundred millions digit of 1154079241?
1
What is the millions digit of 155971410?
5
What is the tens digit of 125100377?
7
What is the hundred thousands digit of 502422670?
4
What is the hundred thousands digit of 39270823?
2
What is the hundreds digit of 219967580?
5
What is the tens digit of 134829751?
5
What is the units digit of 287800329?
9
What is the hundred millions digit of 331934663?
3
What is the millions digit of 2210547610?
0
What is the millions digit of 70722806?
0
What is the units digit of 43288739?
9
What is the hundred thousands digit of 1446820653?
8
What is the ten millions digit of 69439577?
6
What is the tens digit of 2136773011?
1
What is the hundred thousands digit of 175656379?
6
What is the units digit of 1191978773?
3
What is the ten millions digit of 47989815?
4
What is the ten millions digit of 47356717?
4
What is the hundred thousands digit of 341866894?
8
What is the hundred thousands digit of 5579378999?
3
What is the tens digit of 208005288?
8
What is the ten thousands digit of 63999700?
9
What is the hundreds digit of 1342069531?
5
What is the units digit of 185314622?
2
What is the ten thousands digit of 188358953?
5
What is the billions digit of 1195608657?
1
What is the ten thousands digit of 12024248?
2
What is the units digit of 12371083?
3
What is the hundreds digit of 217051455?
4
What is the hundred millions digit of 121950844?
1
What is the hundred millions digit of 562616649?
5
What is the hundred thousands digit of 355283442?
2
What is the units digit of 2564658667?
7
What is the hundred thousands digit of 537727929?
7
What is the millions digit of 170003310?
0
What is the tens digit of 63853875?
7
What is the ten thousands digit of 276471891?
7
What is the thousands digit of 69745999?
5
What is the tens digit of 58825092?
9
What is the units digit of 116003063?
3
What is the hundred millions digit of 698208582?
6
What is the ten thousands digit of 46103260?
0
What is the hundred millions digit of 118234968?
1
What is the ten thousands digit of 3807063?
0
What is the ten thousands digit of 140218322?
1
What is the hundreds digit of 702797341?
3
What is the tens digit of 858659938?
3
What is the tens digit of 122770865?
6
What is the ten millions digit of 74441942?
7
What is the hundred millions digit of 648811471?
6
What is the hundred thousands digit of 13393872?
3
What is the millions digit of 405785282?
5
What is the tens digit of 929887698?
9
What is the hundred millions digit of 253579711?
2
What is the hundred millions digit of 2721415321?
7
What is the units digit of 155866695?
5
What is the hundred thousands digit of 19685611?
6
What is the units digit of 459854728?
8
What is the hundreds digit of 549987531?
5
What is the ten thousands digit of 248660893?
6
What is the units digit of 80738779?
9
What is the hundreds digit of 420967952?
9
What is the units digit of 49026394?
4
What is the tens digit of 6316409767?
6
What is the thousands digit of 429009595?
9
What is the millions digit of 1137767035?
7
What is the ten thousands digit of 17121450?
2
What is the units digit of 394800723?
3
What is the millions digit of 44589822?
4
What is the ten thousands digit of 108609749?
0
What is the ten millions digit of 230212012?
3
What is the ten thousands digit of 471228529?
2
What is the millions digit of 821487709?
1
What is the billions digit of 1089875477?
1
What is the millions digit of 13065259?
3
What is the ten thousands digit of 2132422982?
2
What is the units digit of 3031123466?
6
What is the tens digit of 112482433?
3
What is the hundred millions digit of 441966508?
4
What is the tens digit of 366225867?
6
What is the hundreds digit of 6007784760?
7
What is the hundreds digit of 126966105?
1
What is the ten millions digit of 125256149?
2
What is the units digit of 1583618267?
7
What is the thousands digit of 311417061?
7
What is the tens digit of 24476827?
2
What is the hundred millions digit of 201205779?
2
What is the hundreds digit of 1136898778?
7
What is the ten millions digit of 3616291444?
1
What is the units digit of 45106990?
0
What is the ten millions digit of 1832249196?
3
What is the tens digit of 851612905?
0
What is the millions digit of 171032044?
1
What is the hundred millions digit of 6157600483?
1
What is the millions digit of 240652323?
0
What is the ten thousands digit of 6865400874?
0
What is the millions digit of 735223820?
5
What is the hundreds digit of 5460083?
0
What is the billions digit of 3640134842?
3
What is the millions digit of 528320905?
8
What is the hundred thousands digit of 78680926?
6
What is the hundreds digit of 76077700?
7
What is the tens digit of 25472951?
5
What is the units digit of 133435692?
2
What is the hundred thousands digit of 225051158?
0
What is the ten thousands digit of 74016211?
1
What is the hundred millions digit of 6242992528?
2
What is the ten millions digit of 67590850?
6
What is the hundred thousands digit of 13857310?
8
What is the thousands digit of 251428212?
8
What is the ten thousands digit of 338035662?
3
What is the ten thousands digit of 200608546?
0
What is the hundred thousands digit of 3196362933?
3
What is the ten millions digit of 41121252?
4
What is the ten thousands digit of 2316756993?
5
What is the billions digit of 1376571869?
1
What is the tens digit of 644254086?
8
What is the units digit of 43525008?
8
What is the hundred millions digit of 167746099?
1
What is the ten millions digit of 26720198?
2
What is the ten thousands digit of 392597334?
9
What is the thousands digit of 2189319762?
9
What is the ten thousands digit of 164607606?
0
What is the hundred millions digit of 326373554?
3
What is the millions digit of 991479160?